{"id":23544,"date":"2024-11-21T15:19:28","date_gmt":"2024-11-21T15:19:28","guid":{"rendered":"https:\/\/www.sanmiguel.com\/es\/?page_id=23544"},"modified":"2025-12-22T07:17:46","modified_gmt":"2025-12-22T07:17:46","slug":"cartel-san-miguel-1966","status":"publish","type":"page","link":"https:\/\/www.sanmiguel.com\/es\/historia\/anuncios\/carteles\/cartel-san-miguel-1966\/","title":{"rendered":"Cartel San Miguel 1966"},"content":{"rendered":"\n<div class=\"historia-ficha\">\n    <div class=\"row no-gutters\">\n        <div class=\"historia-ficha-info\">\n            <h2><\/h2>\n            <h1>Cartel San Miguel 1966<\/h1>\n\n            <div class=\"historia-cuerpo\">\n                Hab\u00edamos inaugurado la f\u00e1brica de M\u00e1laga y la Espa\u00f1a en blanco y negro se hab\u00eda terminado. Eran los coloridos a\u00f1os Ye-Y\u00e9. Inspirados en esta tendencia dise\u00f1amos un cartel de formas ovaladas, como si fuese una mirilla desde la que se pod\u00eda imaginar los habituales guateques de la \u00e9poca donde uno pod\u00eda tomarse una San Miguel y relajarse. El lema \u201cDe Fama Mundial\u201d evocaba nuestra historia internacional y hac\u00eda un gui\u00f1o al sentimiento Ye-Y\u00e9, que naci\u00f3 originalmente en Francia, se extendi\u00f3 por varios pa\u00edses europeos y cal\u00f3 profundamente en la juventud espa\u00f1ola.\n            <\/div>\n        <\/div>\n\n        <div class=\"historia-ficha-img\">\n            <a class=\"enlace\" data-fancybox href=\"https:\/\/www.sanmiguel.com\/es\/wp-content\/uploads\/sites\/2\/2024\/09\/1966-full-scaled-378x568-c-default.webp\"  title=\"Ver Cartel San Miguel 1966\">\n                <img decoding=\"async\" alt=\"Cartel&#x20;San&#x20;Miguel&#x20;1966\" srcset=\"https:\/\/www.sanmiguel.com\/es\/wp-content\/uploads\/sites\/2\/2024\/09\/1966-full-scaled-332x497-c-default.webp 412w,https:\/\/www.sanmiguel.com\/es\/wp-content\/uploads\/sites\/2\/2024\/09\/1966-full-scaled-378x568-c-default.webp 751w,https:\/\/www.sanmiguel.com\/es\/wp-content\/uploads\/sites\/2\/2024\/09\/1966-full-scaled-378x568-c-default.webp 1367w\" sizes=\"(max-width: 500px) 412px, (min-width: 501px) and (max-width: 1366px) 751px, (min-width: 1367px) 1367px\" src=\"https:\/\/www.sanmiguel.com\/es\/wp-content\/uploads\/sites\/2\/2024\/09\/1966-full-scaled-378x568-c-default.webp\" loading=\"lazy\" class=\"img-fluid\"\/>\n            <\/a>\n        <\/div>\n\n\n    <\/div>\n<\/div>","protected":false},"excerpt":{"rendered":"","protected":false},"author":1,"featured_media":0,"parent":22489,"menu_order":0,"comment_status":"closed","ping_status":"closed","template":"page-historia-anuncios-item-cartel.php","meta":{"_acf_changed":false,"inline_featured_image":false,"footnotes":""},"class_list":["post-23544","page","type-page","status-publish","hentry"],"acf":[],"yoast_head":"<!-- This site is optimized with the Yoast SEO plugin v27.4 - https:\/\/yoast.com\/product\/yoast-seo-wordpress\/ -->\n<title>Cartel San Miguel 1966 | Cervezas San Miguel | ES<\/title>\n<meta name=\"description\" content=\"Hab\u00edamos inaugurado la f\u00e1brica de M\u00e1laga y la Espa\u00f1a en blanco y negro se hab\u00eda terminado. Eran los coloridos a\u00f1os Ye-Y\u00e9.\" \/>\n<meta name=\"robots\" content=\"index, follow, max-snippet:-1, max-image-preview:large, max-video-preview:-1\" \/>\n<link rel=\"canonical\" href=\"https:\/\/www.sanmiguel.com\/es\/historia\/anuncios\/carteles\/cartel-san-miguel-1966\/\" \/>\n<meta property=\"og:locale\" content=\"es_ES\" \/>\n<meta property=\"og:type\" content=\"article\" \/>\n<meta property=\"og:title\" content=\"Cartel San Miguel 1966 | Cervezas San Miguel | ES\" \/>\n<meta property=\"og:description\" content=\"Hab\u00edamos inaugurado la f\u00e1brica de M\u00e1laga y la Espa\u00f1a en blanco y negro se hab\u00eda terminado. Eran los coloridos a\u00f1os Ye-Y\u00e9.\" \/>\n<meta property=\"og:url\" content=\"https:\/\/www.sanmiguel.com\/es\/historia\/anuncios\/carteles\/cartel-san-miguel-1966\/\" \/>\n<meta property=\"og:site_name\" content=\"Cervezas San Miguel | ES\" \/>\n<meta property=\"article:modified_time\" content=\"2025-12-22T07:17:46+00:00\" \/>\n<meta name=\"twitter:card\" content=\"summary_large_image\" \/>\n<script type=\"application\/ld+json\" class=\"yoast-schema-graph\">{\"@context\":\"https:\\\/\\\/schema.org\",\"@graph\":[{\"@type\":\"WebPage\",\"@id\":\"https:\\\/\\\/www.sanmiguel.com\\\/es\\\/historia\\\/anuncios\\\/carteles\\\/cartel-san-miguel-1966\\\/\",\"url\":\"https:\\\/\\\/www.sanmiguel.com\\\/es\\\/historia\\\/anuncios\\\/carteles\\\/cartel-san-miguel-1966\\\/\",\"name\":\"Cartel San Miguel 1966 | Cervezas San Miguel | ES\",\"isPartOf\":{\"@id\":\"https:\\\/\\\/www.sanmiguel.com\\\/es\\\/#website\"},\"datePublished\":\"2024-11-21T15:19:28+00:00\",\"dateModified\":\"2025-12-22T07:17:46+00:00\",\"description\":\"Hab\u00edamos inaugurado la f\u00e1brica de M\u00e1laga y la Espa\u00f1a en blanco y negro se hab\u00eda terminado. Eran los coloridos a\u00f1os Ye-Y\u00e9.\",\"breadcrumb\":{\"@id\":\"https:\\\/\\\/www.sanmiguel.com\\\/es\\\/historia\\\/anuncios\\\/carteles\\\/cartel-san-miguel-1966\\\/#breadcrumb\"},\"inLanguage\":\"es\",\"potentialAction\":[{\"@type\":\"ReadAction\",\"target\":[\"https:\\\/\\\/www.sanmiguel.com\\\/es\\\/historia\\\/anuncios\\\/carteles\\\/cartel-san-miguel-1966\\\/\"]}]},{\"@type\":\"BreadcrumbList\",\"@id\":\"https:\\\/\\\/www.sanmiguel.com\\\/es\\\/historia\\\/anuncios\\\/carteles\\\/cartel-san-miguel-1966\\\/#breadcrumb\",\"itemListElement\":[{\"@type\":\"ListItem\",\"position\":1,\"name\":\"Portada\",\"item\":\"https:\\\/\\\/www.sanmiguel.com\\\/es\\\/\"},{\"@type\":\"ListItem\",\"position\":2,\"name\":\"Historia 2024\",\"item\":\"https:\\\/\\\/www.sanmiguel.com\\\/es\\\/historia\\\/\"},{\"@type\":\"ListItem\",\"position\":3,\"name\":\"Anuncios\",\"item\":\"https:\\\/\\\/www.sanmiguel.com\\\/es\\\/historia\\\/anuncios\\\/\"},{\"@type\":\"ListItem\",\"position\":4,\"name\":\"Carteles\",\"item\":\"https:\\\/\\\/www.sanmiguel.com\\\/es\\\/historia\\\/anuncios\\\/carteles\\\/\"},{\"@type\":\"ListItem\",\"position\":5,\"name\":\"Cartel San Miguel 1966\"}]},{\"@type\":\"WebSite\",\"@id\":\"https:\\\/\\\/www.sanmiguel.com\\\/es\\\/#website\",\"url\":\"https:\\\/\\\/www.sanmiguel.com\\\/es\\\/\",\"name\":\"Cervezas San Miguel | ES\",\"description\":\"Bienvenidos Cerveceros Inquietos\",\"publisher\":{\"@id\":\"https:\\\/\\\/www.sanmiguel.com\\\/es\\\/#organization\"},\"potentialAction\":[{\"@type\":\"SearchAction\",\"target\":{\"@type\":\"EntryPoint\",\"urlTemplate\":\"https:\\\/\\\/www.sanmiguel.com\\\/es\\\/?s={search_term_string}\"},\"query-input\":{\"@type\":\"PropertyValueSpecification\",\"valueRequired\":true,\"valueName\":\"search_term_string\"}}],\"inLanguage\":\"es\"},{\"@type\":\"Organization\",\"@id\":\"https:\\\/\\\/www.sanmiguel.com\\\/es\\\/#organization\",\"name\":\"Cervezas San Miguel\",\"url\":\"https:\\\/\\\/www.sanmiguel.com\\\/es\\\/\",\"logo\":{\"@type\":\"ImageObject\",\"inLanguage\":\"es\",\"@id\":\"https:\\\/\\\/www.sanmiguel.com\\\/es\\\/#\\\/schema\\\/logo\\\/image\\\/\",\"url\":\"https:\\\/\\\/www.sanmiguel.com\\\/es\\\/wp-content\\\/uploads\\\/sites\\\/2\\\/2022\\\/06\\\/cervezas-san-miguel-logo.jpg\",\"contentUrl\":\"https:\\\/\\\/www.sanmiguel.com\\\/es\\\/wp-content\\\/uploads\\\/sites\\\/2\\\/2022\\\/06\\\/cervezas-san-miguel-logo.jpg\",\"width\":400,\"height\":400,\"caption\":\"Cervezas San Miguel\"},\"image\":{\"@id\":\"https:\\\/\\\/www.sanmiguel.com\\\/es\\\/#\\\/schema\\\/logo\\\/image\\\/\"}}]}<\/script>\n<!-- \/ Yoast SEO plugin. -->","yoast_head_json":{"title":"Cartel San Miguel 1966 | Cervezas San Miguel | ES","description":"Hab\u00edamos inaugurado la f\u00e1brica de M\u00e1laga y la Espa\u00f1a en blanco y negro se hab\u00eda terminado. Eran los coloridos a\u00f1os Ye-Y\u00e9.","robots":{"index":"index","follow":"follow","max-snippet":"max-snippet:-1","max-image-preview":"max-image-preview:large","max-video-preview":"max-video-preview:-1"},"canonical":"https:\/\/www.sanmiguel.com\/es\/historia\/anuncios\/carteles\/cartel-san-miguel-1966\/","og_locale":"es_ES","og_type":"article","og_title":"Cartel San Miguel 1966 | Cervezas San Miguel | ES","og_description":"Hab\u00edamos inaugurado la f\u00e1brica de M\u00e1laga y la Espa\u00f1a en blanco y negro se hab\u00eda terminado. Eran los coloridos a\u00f1os Ye-Y\u00e9.","og_url":"https:\/\/www.sanmiguel.com\/es\/historia\/anuncios\/carteles\/cartel-san-miguel-1966\/","og_site_name":"Cervezas San Miguel | ES","article_modified_time":"2025-12-22T07:17:46+00:00","twitter_card":"summary_large_image","schema":{"@context":"https:\/\/schema.org","@graph":[{"@type":"WebPage","@id":"https:\/\/www.sanmiguel.com\/es\/historia\/anuncios\/carteles\/cartel-san-miguel-1966\/","url":"https:\/\/www.sanmiguel.com\/es\/historia\/anuncios\/carteles\/cartel-san-miguel-1966\/","name":"Cartel San Miguel 1966 | Cervezas San Miguel | ES","isPartOf":{"@id":"https:\/\/www.sanmiguel.com\/es\/#website"},"datePublished":"2024-11-21T15:19:28+00:00","dateModified":"2025-12-22T07:17:46+00:00","description":"Hab\u00edamos inaugurado la f\u00e1brica de M\u00e1laga y la Espa\u00f1a en blanco y negro se hab\u00eda terminado. Eran los coloridos a\u00f1os Ye-Y\u00e9.","breadcrumb":{"@id":"https:\/\/www.sanmiguel.com\/es\/historia\/anuncios\/carteles\/cartel-san-miguel-1966\/#breadcrumb"},"inLanguage":"es","potentialAction":[{"@type":"ReadAction","target":["https:\/\/www.sanmiguel.com\/es\/historia\/anuncios\/carteles\/cartel-san-miguel-1966\/"]}]},{"@type":"BreadcrumbList","@id":"https:\/\/www.sanmiguel.com\/es\/historia\/anuncios\/carteles\/cartel-san-miguel-1966\/#breadcrumb","itemListElement":[{"@type":"ListItem","position":1,"name":"Portada","item":"https:\/\/www.sanmiguel.com\/es\/"},{"@type":"ListItem","position":2,"name":"Historia 2024","item":"https:\/\/www.sanmiguel.com\/es\/historia\/"},{"@type":"ListItem","position":3,"name":"Anuncios","item":"https:\/\/www.sanmiguel.com\/es\/historia\/anuncios\/"},{"@type":"ListItem","position":4,"name":"Carteles","item":"https:\/\/www.sanmiguel.com\/es\/historia\/anuncios\/carteles\/"},{"@type":"ListItem","position":5,"name":"Cartel San Miguel 1966"}]},{"@type":"WebSite","@id":"https:\/\/www.sanmiguel.com\/es\/#website","url":"https:\/\/www.sanmiguel.com\/es\/","name":"Cervezas San Miguel | ES","description":"Bienvenidos Cerveceros Inquietos","publisher":{"@id":"https:\/\/www.sanmiguel.com\/es\/#organization"},"potentialAction":[{"@type":"SearchAction","target":{"@type":"EntryPoint","urlTemplate":"https:\/\/www.sanmiguel.com\/es\/?s={search_term_string}"},"query-input":{"@type":"PropertyValueSpecification","valueRequired":true,"valueName":"search_term_string"}}],"inLanguage":"es"},{"@type":"Organization","@id":"https:\/\/www.sanmiguel.com\/es\/#organization","name":"Cervezas San Miguel","url":"https:\/\/www.sanmiguel.com\/es\/","logo":{"@type":"ImageObject","inLanguage":"es","@id":"https:\/\/www.sanmiguel.com\/es\/#\/schema\/logo\/image\/","url":"https:\/\/www.sanmiguel.com\/es\/wp-content\/uploads\/sites\/2\/2022\/06\/cervezas-san-miguel-logo.jpg","contentUrl":"https:\/\/www.sanmiguel.com\/es\/wp-content\/uploads\/sites\/2\/2022\/06\/cervezas-san-miguel-logo.jpg","width":400,"height":400,"caption":"Cervezas San Miguel"},"image":{"@id":"https:\/\/www.sanmiguel.com\/es\/#\/schema\/logo\/image\/"}}]}},"_links":{"self":[{"href":"https:\/\/www.sanmiguel.com\/es\/wp-json\/wp\/v2\/pages\/23544","targetHints":{"allow":["GET"]}}],"collection":[{"href":"https:\/\/www.sanmiguel.com\/es\/wp-json\/wp\/v2\/pages"}],"about":[{"href":"https:\/\/www.sanmiguel.com\/es\/wp-json\/wp\/v2\/types\/page"}],"author":[{"embeddable":true,"href":"https:\/\/www.sanmiguel.com\/es\/wp-json\/wp\/v2\/users\/1"}],"replies":[{"embeddable":true,"href":"https:\/\/www.sanmiguel.com\/es\/wp-json\/wp\/v2\/comments?post=23544"}],"version-history":[{"count":6,"href":"https:\/\/www.sanmiguel.com\/es\/wp-json\/wp\/v2\/pages\/23544\/revisions"}],"predecessor-version":[{"id":23911,"href":"https:\/\/www.sanmiguel.com\/es\/wp-json\/wp\/v2\/pages\/23544\/revisions\/23911"}],"up":[{"embeddable":true,"href":"https:\/\/www.sanmiguel.com\/es\/wp-json\/wp\/v2\/pages\/22489"}],"wp:attachment":[{"href":"https:\/\/www.sanmiguel.com\/es\/wp-json\/wp\/v2\/media?parent=23544"}],"curies":[{"name":"wp","href":"https:\/\/api.w.org\/{rel}","templated":true}]}}

<div class="historia-ficha">
    <div class="row no-gutters">
        <div class="historia-ficha-info">
            <h2></h2>
            <h1>Cartel San Miguel 1966</h1>

            <div class="historia-cuerpo">
                Habíamos inaugurado la fábrica de Málaga y la España en blanco y negro se había terminado. Eran los coloridos años Ye-Yé. Inspirados en esta tendencia diseñamos un cartel de formas ovaladas, como si fuese una mirilla desde la que se podía imaginar los habituales guateques de la época donde uno podía tomarse una San Miguel y relajarse. El lema “De Fama Mundial” evocaba nuestra historia internacional y hacía un guiño al sentimiento Ye-Yé, que nació originalmente en Francia, se extendió por varios países europeos y caló profundamente en la juventud española.
            </div>
        </div>

        <div class="historia-ficha-img">
            <a class="enlace" data-fancybox href="https://www.sanmiguel.com/es/wp-content/uploads/sites/2/2024/09/1966-full-scaled-378x568-c-default.webp"  title="Ver Cartel San Miguel 1966">
                <img decoding="async" alt="Cartel&#x20;San&#x20;Miguel&#x20;1966" srcset="https://www.sanmiguel.com/es/wp-content/uploads/sites/2/2024/09/1966-full-scaled-332x497-c-default.webp 412w,https://www.sanmiguel.com/es/wp-content/uploads/sites/2/2024/09/1966-full-scaled-378x568-c-default.webp 751w,https://www.sanmiguel.com/es/wp-content/uploads/sites/2/2024/09/1966-full-scaled-378x568-c-default.webp 1367w" sizes="(max-width: 500px) 412px, (min-width: 501px) and (max-width: 1366px) 751px, (min-width: 1367px) 1367px" src="https://www.sanmiguel.com/es/wp-content/uploads/sites/2/2024/09/1966-full-scaled-378x568-c-default.webp" loading="lazy" class="img-fluid"/>
            </a>
        </div>


    </div>
</div>

<!-- This site is optimized with the Yoast SEO plugin v27.4 - https://yoast.com/product/yoast-seo-wordpress/ -->
<title>Cartel San Miguel 1966 | Cervezas San Miguel | ES</title>
<meta name="description" content="Habíamos inaugurado la fábrica de Málaga y la España en blanco y negro se había terminado. Eran los coloridos años Ye-Yé." />
<meta name="robots" content="index, follow, max-snippet:-1, max-image-preview:large, max-video-preview:-1" />
<link rel="canonical" href="https://www.sanmiguel.com/es/historia/anuncios/carteles/cartel-san-miguel-1966/" />
<meta property="og:locale" content="es_ES" />
<meta property="og:type" content="article" />
<meta property="og:title" content="Cartel San Miguel 1966 | Cervezas San Miguel | ES" />
<meta property="og:description" content="Habíamos inaugurado la fábrica de Málaga y la España en blanco y negro se había terminado. Eran los coloridos años Ye-Yé." />
<meta property="og:url" content="https://www.sanmiguel.com/es/historia/anuncios/carteles/cartel-san-miguel-1966/" />
<meta property="og:site_name" content="Cervezas San Miguel | ES" />
<meta property="article:modified_time" content="2025-12-22T07:17:46+00:00" />
<meta name="twitter:card" content="summary_large_image" />
<script type="application/ld+json" class="yoast-schema-graph">{"@context":"https:\/\/schema.org","@graph":[{"@type":"WebPage","@id":"https:\/\/www.sanmiguel.com\/es\/historia\/anuncios\/carteles\/cartel-san-miguel-1966\/","url":"https:\/\/www.sanmiguel.com\/es\/historia\/anuncios\/carteles\/cartel-san-miguel-1966\/","name":"Cartel San Miguel 1966 | Cervezas San Miguel | ES","isPartOf":{"@id":"https:\/\/www.sanmiguel.com\/es\/#website"},"datePublished":"2024-11-21T15:19:28+00:00","dateModified":"2025-12-22T07:17:46+00:00","description":"Habíamos inaugurado la fábrica de Málaga y la España en blanco y negro se había terminado. Eran los coloridos años Ye-Yé.","breadcrumb":{"@id":"https:\/\/www.sanmiguel.com\/es\/historia\/anuncios\/carteles\/cartel-san-miguel-1966\/#breadcrumb"},"inLanguage":"es","potentialAction":[{"@type":"ReadAction","target":["https:\/\/www.sanmiguel.com\/es\/historia\/anuncios\/carteles\/cartel-san-miguel-1966\/"]}]},{"@type":"BreadcrumbList","@id":"https:\/\/www.sanmiguel.com\/es\/historia\/anuncios\/carteles\/cartel-san-miguel-1966\/#breadcrumb","itemListElement":[{"@type":"ListItem","position":1,"name":"Portada","item":"https:\/\/www.sanmiguel.com\/es\/"},{"@type":"ListItem","position":2,"name":"Historia 2024","item":"https:\/\/www.sanmiguel.com\/es\/historia\/"},{"@type":"ListItem","position":3,"name":"Anuncios","item":"https:\/\/www.sanmiguel.com\/es\/historia\/anuncios\/"},{"@type":"ListItem","position":4,"name":"Carteles","item":"https:\/\/www.sanmiguel.com\/es\/historia\/anuncios\/carteles\/"},{"@type":"ListItem","position":5,"name":"Cartel San Miguel 1966"}]},{"@type":"WebSite","@id":"https:\/\/www.sanmiguel.com\/es\/#website","url":"https:\/\/www.sanmiguel.com\/es\/","name":"Cervezas San Miguel | ES","description":"Bienvenidos Cerveceros Inquietos","publisher":{"@id":"https:\/\/www.sanmiguel.com\/es\/#organization"},"potentialAction":[{"@type":"SearchAction","target":{"@type":"EntryPoint","urlTemplate":"https:\/\/www.sanmiguel.com\/es\/?s={search_term_string}"},"query-input":{"@type":"PropertyValueSpecification","valueRequired":true,"valueName":"search_term_string"}}],"inLanguage":"es"},{"@type":"Organization","@id":"https:\/\/www.sanmiguel.com\/es\/#organization","name":"Cervezas San Miguel","url":"https:\/\/www.sanmiguel.com\/es\/","logo":{"@type":"ImageObject","inLanguage":"es","@id":"https:\/\/www.sanmiguel.com\/es\/#\/schema\/logo\/image\/","url":"https:\/\/www.sanmiguel.com\/es\/wp-content\/uploads\/sites\/2\/2022\/06\/cervezas-san-miguel-logo.jpg","contentUrl":"https:\/\/www.sanmiguel.com\/es\/wp-content\/uploads\/sites\/2\/2022\/06\/cervezas-san-miguel-logo.jpg","width":400,"height":400,"caption":"Cervezas San Miguel"},"image":{"@id":"https:\/\/www.sanmiguel.com\/es\/#\/schema\/logo\/image\/"}}]}</script>
<!-- / Yoast SEO plugin. -->

Habíamos inaugurado la fábrica de Málaga y la España en blanco y negro se había terminado. Eran los coloridos años Ye-Yé.
